factors of o?
7
Let n = 144 + 43. What are the prime factors of n?
11, 17
Suppose -10*k + 352 = -6*k. Let b = k + 87. List the prime factors of b.
5, 7
List the prime factors of 253980/126 + (-4 - (-120)/28).
2, 3, 7
Let j = -2 + 38. Suppose -72 = -19*d + 4. Suppose m + j = d*m. List the prime factors of m.
2, 3
Suppose 455*g - 458*g = -216. What are the prime factors of g?
2, 3
What are the prime factors of (-195)/12*72*12/(-24)?
3, 5, 13
Suppose 4*l - 200 = -k + l, -3*k = -5*l - 670. Suppose -5*h + 3*t - 175 = 0, 0 = 5*h + 3*t + 2*t + k. Let u = h - -85. What are the prime factors of u?
47
Let o = -371 + 1534. Suppose -o = -12*i + 2353. What are the prime factors of i?
293
Let w be 72 + 1 - (2 - -1). Let z = w - 1. What are the prime factors of z?
3, 23
Let b be (-4)/(-5) + 1230/25. Suppose 2*y + 46 = -30. Let w = b + y. List the prime factors of w.
2, 3
Suppose -10 = 13*w - 8*w, 0 = -3*p + w + 1430. List the prime factors of p.
2, 7, 17
List the prime factors of (-1*958)/((-16)/32).
2, 479
Let q = 7179 - 5023. List the prime factors of q.
2, 7, 11
Suppose 4*f - 2849 = f + 5*y, 2*f + 3*y - 1874 = 0. List the prime factors of f.
23, 41
Suppose -282 = -4*j + 350. Suppose -m + 3*c = -43, -6*m + j = -m + 4*c. What are the prime factors of m?
2, 17
Let l(i) = 5*i**3 + i + 4. Let r be l(2). Let o = 17 - 10. Suppose -o*p = -6*p - r. What are the prime factors of p?
2, 23
Suppose 0 = -b + 4 - 1. Suppose 3*z + 178 = -d + b*d, 2*z = -5*d + 426. What are the prime factors of d?
2, 43
Let j = 50 + -23. Let s = 11 - j. Let g = 35 + s. What are the prime factors of g?
19
Let a(f) = -f + 3. Let b be a(10). Let z be (-10)/14 - (-2)/b. Let j = 11 - z. List the prime factors of j.
2, 3
What are the prime factors of 680/5 + 2/1?
2, 3, 23
Let b(a) = 2637*a + 47. List the prime factors of b(2).
17, 313
Suppose z - t - 30 = -z, 5*z - 45 = -5*t. Let j = z + -19. What are the prime factors of j/27 + 65/9?
7
Let q(j) = 6*j**3 + 8*j + 0*j**2 - 7*j**3 - 4*j**2. Let z be q(-6). Suppose 95 = 4*u + 5*f + 21, 4*f = 2*u - z. What are the prime factors of u?
2
Let s(p) = p**2 + 3*p + 109. List the prime factors of s(0).
109
Let c = -2761 - -4868. What are the prime factors of c?
7, 43
Let k(b) = -30*b - 250. What are the prime factors of k(-23)?
2, 5, 11
Let f(i) = -i**3 - 7*i**2 + 7*i - 4. Let k be f(-8). Suppose 0 = 2*m - k*d - 4, 8*m - 3*m - 38 = 3*d. What are the prime factors of (-380)/(-25) + (-2)/m?
3, 5
Let u(d) be the first derivative of -d**2/2 + d + 14. Let h = 14 + -24. List the prime factors of u(h).
11
Let c = -394 + 400. Let w be 4/6 + (-22)/6. List the prime factors of (w + c)/((-6)/(-4)).
2
Let s = 890 + -448. What are the prime factors of s?
2, 13, 17
What are the prime factors of (1 - -1259)*2/5?
2, 3, 7
Let t(v) = -5 - 33*v - 2*v**2 - v**2 + 29*v + v**3. Let s be t(4). Let m = 13 - s. What are the prime factors of m?
2, 3
Let s = -1306 + 2555. What are the prime factors of s?
1249
Suppose -9*u - 50 = 742. What are the prime factors of 5 - 2 - 5 - u?
2, 43
Suppose -i - 18 = 5*x, 0 = 4*i - 5*x + 3 - 6. Let u(h) = -2*h**2 + 3*h - 3. Let a be u(i). Let t = a + 36. What are the prime factors of t?
2, 3
Suppose b + x - 17 = 0, -x - 4*x = -b + 17. Suppose 114 = -11*c + b*c. What are the prime factors of c?
19
Suppose 63 = 4*p - p. Suppose 0 = p*u - 22*u + 46. List the prime factors of u.
2, 23
Suppose -5*p = -28 - 57. Let r(y) = -y**2 + 15*y + 40. What are the prime factors of r(p)?
2, 3
Let k = 176 + 32. Let p = k + -74. What are the prime factors of p?
2, 67
Let y(j) = 2*j + 2. Let c be y(3). Suppose 0*s - c = 2*s. What are the prime factors of (-291)/s + 4/16?
73
Let k = 5 - 3. Suppose -3*y - r + 219 = 0, 4*r - k*r - 216 = -3*y. List the prime factors of y.
2, 37
Let w(d) = 5*d**3 + 11*d**2 - 9*d + 32. List the prime factors of w(6).
2, 727
Suppose 0 = 9*c - 11*c - 100. Let i = -104 - c. List the prime factors of (-4)/(-8) - i/4.
2, 7
Suppose 5*n - 20 = -7*h + 2*h, -n + h = -2. List the prime factors of (33 + 4)/(n/3).
37
Suppose 12 = 2*h - 5*h, -2*v - 4*h = -5008. Suppose -18*q = -10*q - v. List the prime factors of q.
2, 157
Suppose -16*l + 15863 = -329. List the prime factors of l.
2, 11, 23
Suppose -q - 2*m = -42, -q - 7*m = -2*m - 30. What are the prime factors of q?
2, 5
Suppose -100 = -2*d + 3*g, -20*g = 2*d - 22*g - 98. What are the prime factors of d?
47
List the prime factors of (425 + 19)*(-18)/(-4).
2, 3, 37
Let v = -257 + 124. Let l = 295 + v. List the prime factors of l.
2, 3
List the prime factors of (-86674)/(-84) - 2/(-12).
2, 3, 43
Suppose 0 = -4*i + 91 - 43. Let q = -39 + 81. Let n = q - i. List the prime factors of n.
2, 3, 5
Let h(m) = 175*m - 173. What are the prime factors of h(15)?
2, 613
Suppose -5*x = -r - 2017, 7*r + 1620 = 4*x + 3*r. Let b be x/39 + (-1)/3. Let z(w) = 7*w - 13. List the prime factors of z(b).
3, 19
Let a = -2 + -11. Let c = 22 + a. Let j = c + 11. List the prime factors of j.
2, 5
Let x(t) = -2*t + 12. Let m be x(5). Suppose 2*s + m + 0 = 0. Let b(g) = -34*g + 1. What are the prime factors of b(s)?
5, 7
Let p = -2572 + 4648. What are the prime factors of p?
2, 3, 173
Let r = -105 - -159. Let u(b) = -5*b + 3. Let g be u(-6). Let j = r - g. List the prime factors of j.
3, 7
Suppose 0 - 7 = 3*x - 4*k, x + 2*k - 1 = 0. What are the prime factors of (-552)/32*(40/3)/x?
2, 5, 23
Let r(v) = -7 - 13 + 27*v - v**2 - 32*v + 23*v. What are the prime factors of r(11)?
3, 19
Let v be 3/(-3) - 3*(-4 + 3). List the prime factors of -3 + (76 - 3 - v).
2, 17
Let t(r) = -25*r**3 + 2*r**2 - 1. Suppose -2*z + 5 = 7. Let u be t(z). Suppose -6*a = -4*a - u. List the prime factors of a.
13
Let h(i) = -4*i - 1. Let n be h(-4). Let o = 19 - n. Suppose -84 = -o*u + 2*a, -a + 43 - 108 = -3*u. List the prime factors of u.
23
Let s(q) = -2*q**2 - 7*q - 16. Let f be s(7). Let d = -115 - f. List the prime factors of d.
2, 3
Let d = 716 - 559. List the prime factors of d.
157
Suppose 4*k - 17*v - 897 = -16*v, -3*k = 2*v - 659. List the prime factors of k.
223
Let p(v) = -834*v - 121. List the prime factors of p(-2).
7, 13, 17
Let h(w) = 16*w - 2. Let v(x) be the first derivative of -x**3/3 + 7*x**2/2 + x + 1. Let p be v(7). What are the prime factors of h(p)?
2, 7
Let c be (5 + 75/(-9))*21. Let p = c - -104. What are the prime factors of p?
2, 17
Let n(x) = x**2 - 19*x + 55. List the prime factors of n(24).
5, 7
Suppose 21*v = 8*v. Suppose p + x - 181 = v, -3*p = -7*p + x + 714. What are the prime factors of p?
179
Let x(h) = 2 + 11 - 13*h**2 - 13 - 11*h. Let l(w) = 7*w**2 + 5*w. Let d(a) = 5*l(a) + 2*x(a). What are the prime factors of d(-2)?
2, 3, 5
Let z = 123 + -48. Let s = z - 48. What are the prime factors of s?
3
Suppose -615 - 11855 = -10*p. List the prime factors of p.
29, 43
Let q be (-990)/(-8) - 9/(-36). Suppose -5*t - 4 = -q. List the prime factors of t.
2, 3
Let o(a) = -2*a**3 + 48*a**2 - 22*a - 58. What are the prime factors of o(19)?
2, 1567
Suppose 3*g + 1279 = 5305. What are the prime factors of g?
2, 11, 61
Let u(n) = 10*n - 1. Let c(b) = 2*b - 6. Let d be c(5). Suppose 28 = 4*w - d*f, 5*f + 20 = f. List the prime factors of u(w).
19
Let b(l) = -l**3 + 4*l**2 + 6*l + 3. Let s be b(3). What are the prime factors of (116/(-20))/((s/25)/(-6))?
29
Let q = -8680 + 12663. What are the prime factors of q?
7, 569
Let i(p) = 7*p - 79. Let m(d) = 3*d - 40. Let v(t) = 2*i(t) - 5*m(t). What are the prime factors of v(19)?
23
Suppose -g - 70 = -6*g. Let z(n) = 5*n + 10. Let x be z(8). Let l = x - g. What are the prime factors of l?
2, 3
Let y be ((-2)/4)/(13/(-702)). Suppose 0*m = -2*m - j + y, -27 = -m + 4*j. List the prime factors of m.
3, 5
Let h(k) = -23*k + 2*k**2 - 11 - 14*k - 3*k**2 - 10. List the prime factors of h(-21).
3, 5, 7
Suppose 5*m + 35 = -120. Suppose -4*u - 79 = -5*w - 402, 4*u + w = 329. Let y = u + m. List the prime factors of y.
3, 17
Let i be (8/(-2))/(6 - 7). Let u be i/8 - (-12)/(-8). What are the prime factors of -3 - -45 - (1 + u)?
2, 3, 7
Let s(v) = v**2 - 3*v + 2. Let t be s(2). Suppose -4*r + 4*q + 102 = 2*q, -4*r + 5*q + 99 = t. What are the prime factors of r?
2, 13
Suppose -u - 5 + 4 = n, -u - 21 = -4*n. Let g(m) = 4*m**2 + 4*m + 6. What are the prime factors of g(u)?
2, 43
Let g(t) = t - 11. Let f be 